75392?
3
What is the thousands digit of 91482037?
2
What is the millions digit of 728807233?
8
What is the hundreds digit of 36424254?
2
What is the ten millions digit of 24284814?
2
What is the ten millions digit of 16082947?
1
What is the units digit of 41629400?
0
What is the ten millions digit of 115567142?
1
What is the units digit of 726584764?
4
What is the hundred millions digit of 566738162?
5
What is the tens digit of 176577719?
1
What is the ten thousands digit of 48748829?
4
What is the millions digit of 376085098?
6
What is the hundred millions digit of 292762789?
2
What is the hundreds digit of 169224339?
3
What is the tens digit of 2688903?
0
What is the units digit of 19106666?
6
What is the ten thousands digit of 132993938?
9
What is the ten millions digit of 29533019?
2
What is the ten millions digit of 128205741?
2
What is the tens digit of 676464066?
6
What is the thousands digit of 967596176?
6
What is the hundred millions digit of 209283465?
2
What is the units digit of 226303567?
7
What is the units digit of 160760048?
8
What is the millions digit of 466509886?
6
What is the hundred thousands digit of 3348661?
3
What is the hundred thousands digit of 48557917?
5
What is the hundred thousands digit of 508728636?
7
What is the millions digit of 216282786?
6
What is the hundred thousands digit of 661587698?
5
What is the ten millions digit of 105997872?
0
What is the hundred thousands digit of 648306645?
3
What is the thousands digit of 59939374?
9
What is the ten thousands digit of 7502347?
0
What is the billions digit of 4328096641?
4
What is the ten thousands digit of 5341941517?
4
What is the hundred thousands digit of 34037976?
0
What is the tens digit of 284014057?
5
What is the ten millions digit of 125952877?
2
What is the ten thousands digit of 3649188426?
8
What is the hundreds digit of 137423224?
2
What is the ten millions digit of 1230878857?
3
What is the ten millions digit of 1251998312?
5
What is the hundred millions digit of 563925208?
5
What is the units digit of 1740446334?
4
What is the hundred millions digit of 193411001?
1
What is the billions digit of 3443202006?
3
What is the units digit of 359560899?
9
What is the hundred millions digit of 1146803210?
1
What is the ten millions digit of 1628862956?
2
What is the tens digit of 57014514?
1
What is the hundred thousands digit of 123180544?
1
What is the millions digit of 4137204?
4
What is the millions digit of 5407485951?
7
What is the units digit of 1256060138?
8
What is the hundreds digit of 2698214431?
4
What is the billions digit of 1599517594?
1
What is the hundred thousands digit of 39326033?
3
What is the thousands digit of 449374203?
4
What is the hundred thousands digit of 78202518?
2
What is the hundred thousands digit of 92067028?
0
What is the hundred thousands digit of 223969315?
9
What is the millions digit of 1048677576?
8
What is the thousands digit of 3257821566?
1
What is the hundred thousands digit of 862748771?
7
What is the ten millions digit of 730922004?
3
What is the hundred thousands digit of 201624843?
6
What is the thousands digit of 47416806?
6
What is the ten thousands digit of 324781944?
8
What is the ten thousands digit of 108520005?
2
What is the hundred thousands digit of 55554667?
5
What is the hundred thousands digit of 116430660?
4
What is the ten thousands digit of 143091835?
9
What is the hundreds digit of 1869931268?
2
What is the millions digit of 108632159?
8
What is the billions digit of 5921017451?
5
What is the hundred millions digit of 424625221?
4
What is the ten thousands digit of 349840823?
4
What is the ten thousands digit of 69345949?
4
What is the hundreds digit of 23752310?
3
What is the ten thousands digit of 222044576?
4
What is the ten millions digit of 14398530?
1
What is the thousands digit of 3220397826?
7
What is the thousands digit of 744505915?
5
What is the hundred thousands digit of 104689594?
6
What is the hundred thousands digit of 448822753?
8
What is the tens digit of 375517620?
2
What is the hundreds digit of 864334295?
2
What is the ten millions digit of 660616909?
6
What is the millions digit of 291912478?
1
What is the hundreds digit of 411082464?
4
What is the hundred thousands digit of 79101263?
1
What is the units digit of 1604701?
1
What is the billions digit of 7589135241?
7
What is the units digit of 33417868?
8
What is the thousands digit of 1195987049?
7
What is the hundreds digit of 3887483?
4
What is the ten millions digit of 80559003?
8
What is the hundreds digit of 75014847?
8
What is the hundreds digit of 1752769565?
5
What is the hundred thousands digit of 4649918571?
9
What is the hundreds digit of 6715722?
7
What is the hundreds digit of 1659970146?
1
What is the units digit of 76780064?
4
What is the hundreds digit of 2302039050?
0
What is the hundreds digit of 2495049?
0
What is the ten thousands digit of 167694559?
9
What is the ten thousands digit of 63567594?
6
What is the tens digit of 2086297283?
8
What is the hundreds digit of 161788722?
7
What is the hundred millions digit of 1603904488?
6
What is the hundreds digit of 58154093?
0
What is the tens digit of 399897416?
1
What is the millions digit of 17673993?
7
What is the units digit of 691956996?
6
What is the hundreds digit of 174968317?
3
What is the tens digit of 402311131?
3
What is the hundred millions digit of 3183341091?
1
What is the hundred thousands digit of 3853299502?
2
What is the ten millions digit of 1440880873?
4
What is the hundred millions digit of 1161033142?
1
What is the units digit of 85215590?
0
What is the hundreds digit of 76125115?
1
What is the ten millions digit of 643715637?
4
What is the tens digit of 3303853436?
3
What is the hundreds digit of 1121814623?
6
What is the units digit of 138888442?
2
What is the hundred thousands digit of 1967389504?
3
What is the hundred thousands digit of 37677668?
6
What is the ten thousands digit of 34231255?
3
What is the units digit of 26364108?
8
What is the hundred thousands digit of 1667251395?
2
What is the ten thousands digit of 850950225?
5
What is the millions digit of 71664094?
1
What is the hundred thousands digit of 115329697?
3
What is the hundred millions digit of 817540595?
8
What is the units digit of 31544262?
2
What is the ten thousands digit of 473933941?
3
What is the ten thousands digit of 38546489?
4
What is the thousands digit of 3927218574?
8
What is the units digit of 81294295?
5
What is the millions digit of 46054456?
6
What is the millions digit of 830803521?
0
What is the hundred thousands digit of 104785805?
7
What is the hundreds digit of 285040988?
9
What is the tens digit of 779394723?
2
What is the tens digit of 23772165?
6
What is the units digit of 2924137828?
8
What is the units digit of 62460869?
9
What is the tens digit of 13838589?
8
What is the billions digit of 1398436563?
1
What is the millions digit of 401882049?
1
What is the units digit of 17250752?
2
What is the units digit of 934568180?
0
What is the hundred thousands digit of 71965501?
9
What is the hundred thousands digit of 159798133?
7
What is the hundred thousands digit of 48028597?
0
What is the ten millions digit of 919768070?
1
What is the ten thousands digit of 403311844?
1
What is the hundred thousands digit of 1310766026?
7
What is the millions digit of 816199213?
6
What is the ten millions digit of 2834218987?
3
What is the ten millions digit of 233071746?
3
What is the hundreds digit of 142379408?
4
What is the hundred thousands digit of 3582345755?
3
What is the hundreds digit of 20309725?
7
What is the thousands digit of 511024858?
4
What is the ten millions digit of 43305098?
4
What is the hundred thousands digit of 206630028?
6
What is the thousands digit of 439762655?
2
What is the ten millions digit of 83288001?
8
What is the hundred thousands digit of 104702965?
7
What is the hundreds digit of 77116303?
3
What is the units digit of 6903009978?
8
What is the thousands digit of 2522714594?
4
What is the ten thousands digit of 142441219?
4
What is the hundreds digit of 6817489267?
2
What is the hundreds digit of 3867680?
6
What is the ten thousands digit of 84798334?
9
What is the hundred thousands digit of 176355324?
3
What 